s the tens digit of 1844?
4
What is the thousands digit of 7977?
7
What is the units digit of 1621?
1
What is the tens digit of 4643?
4
What is the tens digit of 1555?
5
What is the hundreds digit of 3995?
9
What is the tens digit of 1239?
3
What is the hundreds digit of 994?
9
What is the hundreds digit of 1932?
9
What is the tens digit of 1608?
0
What is the tens digit of 674?
7
What is the tens digit of 32290?
9
What is the hundreds digit of 853?
8
What is the hundreds digit of 7172?
1
What is the tens digit of 90743?
4
What is the thousands digit of 4221?
4
What is the tens digit of 1701?
0
What is the thousands digit of 1010?
1
What is the thousands digit of 2709?
2
What is the tens digit of 2039?
3
What is the hundreds digit of 6338?
3
What is the units digit of 1370?
0
What is the thousands digit of 2545?
2
What is the tens digit of 20355?
5
What is the hundreds digit of 60536?
5
What is the tens digit of 12191?
9
What is the ten thousands digit of 18581?
1
What is the tens digit of 17932?
3
What is the hundreds digit of 87224?
2
What is the hundreds digit of 2448?
4
What is the tens digit of 3830?
3
What is the thousands digit of 128412?
8
What is the thousands digit of 2210?
2
What is the hundreds digit of 7781?
7
What is the ten thousands digit of 14494?
1
What is the thousands digit of 1701?
1
What is the thousands digit of 23354?
3
What is the thousands digit of 1473?
1
What is the units digit of 2391?
1
What is the thousands digit of 12429?
2
What is the hundreds digit of 47247?
2
What is the thousands digit of 17447?
7
What is the units digit of 1723?
3
What is the thousands digit of 3495?
3
What is the tens digit of 3965?
6
What is the units digit of 4642?
2
What is the tens digit of 600?
0
What is the units digit of 2?
2
What is the hundreds digit of 61127?
1
What is the tens digit of 52933?
3
What is the tens digit of 1658?
5
What is the units digit of 4448?
8
What is the thousands digit of 8544?
8
What is the hundreds digit of 26150?
1
What is the tens digit of 4906?
0
What is the units digit of 55650?
0
What is the thousands digit of 4877?
4
What is the tens digit of 25684?
8
What is the tens digit of 11657?
5
What is the tens digit of 896?
9
What is the ten thousands digit of 76492?
7
What is the hundreds digit of 1325?
3
What is the hundreds digit of 6728?
7
What is the hundreds digit of 605?
6
What is the ten thousands digit of 14419?
1
What is the hundreds digit of 12144?
1
What is the units digit of 2436?
6
What is the tens digit of 1072?
7
What is the thousands digit of 1928?
1
What is the ten thousands digit of 37604?
3
What is the tens digit of 1456?
5
What is the tens digit of 718?
1
What is the tens digit of 915?
1
What is the thousands digit of 1043?
1
What is the tens digit of 7386?
8
What is the hundreds digit of 134?
1
What is the hundreds digit of 6173?
1
What is the hundred thousands digit of 123597?
1
What is the tens digit of 99?
9
What is the tens digit of 2360?
6
What is the hundreds digit of 8914?
9
What is the tens digit of 40772?
7
What is the units digit of 46722?
2
What is the tens digit of 626?
2
What is the hundreds digit of 2937?
9
What is the tens digit of 3630?
3
What is the tens digit of 8493?
9
What is the hundreds digit of 5575?
5
What is the thousands digit of 7114?
7
What is the units digit of 49153?
3
What is the units digit of 41847?
7
What is the tens digit of 3256?
5
What is the ten thousands digit of 11901?
1
What is the thousands digit of 8139?
8
What is the tens digit of 8115?
1
What is the hundreds digit of 1431?
4
What is the tens digit of 62306?
0
What is the tens digit of 1568?
6
What is the hundreds digit of 35790?
7
What is the hundreds digit of 663?
6
What is the hundreds digit of 290?
2
What is the units digit of 6068?
8
What is the tens digit of 3787?
8
What is the units digit of 41921?
1
What is the ten thousands digit of 41738?
4
What is the tens digit of 118?
1
What is the tens digit of 12799?
9
What is the hundreds digit of 18374?
3
What is the thousands digit of 2477?
2
What is the units digit of 60898?
8
What is the tens digit of 18479?
7
What is the units digit of 142?
2
What is the units digit of 23?
3
What is the hundreds digit of 49722?
7
What is the hundreds digit of 7690?
6
What is the tens digit of 34200?
0
What is the units digit of 28?
8
What is the units digit of 39973?
3
What is the hundreds digit of 5146?
1
What is the hundreds digit of 28896?
8
What is the hundreds digit of 669?
6
What is the units digit of 8269?
9
What is the tens digit of 45261?
6
What is the thousands digit of 6885?
6
What is the units digit of 1152?
2
What is the units digit of 1991?
1
What is the thousands digit of 34584?
4
What is the units digit of 4854?
4
What is the tens digit of 3651?
5
What is the thousands digit of 94732?
4
What is the hundreds digit of 193?
1
What is the tens digit of 813?
1
What is the units digit of 2338?
8
What is the thousands digit of 32164?
2
What is the hundreds digit of 11260?
2
What is the tens digit of 1624?
2
What is the units digit of 1126?
6
What is the thousands digit of 1546?
1
What is the units digit of 38545?
5
What is the tens digit of 1680?
8
What is the ten thousands digit of 136497?
3
What is the units digit of 2359?
9
What is the thousands digit of 28511?
8
What is the units digit of 7547?
7
What is the thousands digit of 2714?
2
What is the hundreds digit of 1073?
0
What is the tens digit of 1038?
3
What is the hundreds digit of 1902?
9
What is the thousands digit of 1776?
1
What is the units digit of 592?
2
What is the tens digit of 2635?
3
What is the tens digit of 2896?
9
What is the ten thousands digit of 19292?
1
What is the tens digit of 1961?
6
What is the hundreds digit of 889?
8
What is the ten thousands digit of 97917?
9
What is the thousands digit of 1479?
1
What is the tens digit of 4281?
8
What is the thousands digit of 4359?
4
What is the hundreds digit of 75191?
1
What is the thousands digit of 7761?
7
What is the hundreds digit of 114169?
1
What is the tens digit of 6875?
7
What is the units digit of 8681?
1
What is the tens digit of 13475?
7
What is the units digit of 10460?
0
What is the tens digit of 158252?
5
What is the thousands digit of 5432?
5
What is the hundreds digit of 2781?
7
What is the tens digit of 1860?
6
What is the hundreds digit of 712?
7
What is the units digit of 4659?
9
What is the units digit of 4680?
0
What is the thousands digit of 22122?
2
What is the ten thousands digit of 12543?
1
What is the tens digit of 79970?
7
What is the thousands digit of 2981?
2
What is the hundreds digit of 11738?
7
What is the thousands digit of 76074?
6
What is the ten thousands digit of 26012?
2
What is the hundreds digit of 18697?
6
What is the hundreds digit of 6639?
6
What is the units digit of 159?
9
What is the thousands digit of 2136?
2
What is the units digit of 11331?
1
What is the hundreds digit of 15472?
4
What is the hundreds digit of 29825?
8
What is the tens digit of 5397?
9
What is the hundred thousands digit of 142416?
1
What is the thousands digit of 20986?
0
What is the hundreds digit of 23096?
0
What is the tens digit of 2754?
5
What is the units digit of 572?
2
What is the hundreds digit of 69117?
1
What is the tens digit of 1557?
5
What is the hundred thousands digit of 159124?
1
What is the ten thousands digit of 16876?
1
What is the units digit of 4569?
9
What is the hundreds digit of 964?
9
What is the ten thousands digit of 15451?
1
What is the hundreds digit of 547?
5
What is the units digit of 351?
1
What is the tens digit of 10673?
7
What is the hundreds digit of 110?
1
What is the thousands digit of 2425?
2
What is the thousands digit of 12247?
2
What is the hundreds digit of 88441?
4
What is the units digit of 874?
4
What is the hundreds digit of 10275?
2
What is the thousands digit of 25906?
5
What is the tens digit of 6255?
5
What is the units digit of 70?
0
What is the units digit of 5653?
3
What is the units digit of 50603?
3
What is the tens digit of 112909?
0
What is the thousands digit of 4143?
4
What is the units digit of 24834?
4
What is the units digit of 47986?
6
What is the units digit of 631?
1
What is the tens digit of 7411?
1
What is the tens digit of 948?
4
What is 